he remainder when 38881 is divided by 3888?
1
Calculate the remainder when 4233 is divided by 61.
24
What is the remainder when 6079 is divided by 1513?
27
What is the remainder when 270079 is divided by 128?
127
Calculate the remainder when 6513 is divided by 107.
93
What is the remainder when 43774 is divided by 1096?
1030
What is the remainder when 9395 is divided by 559?
451
What is the remainder when 19780 is divided by 3540?
2080
Calculate the remainder when 5073 is divided by 31.
20
What is the remainder when 1341 is divided by 213?
63
What is the remainder when 32537 is divided by 678?
671
What is the remainder when 2146 is divided by 47?
31
Calculate the remainder when 8239876 is divided by 220.
216
Calculate the remainder when 34925 is divided by 74.
71
What is the remainder when 252337 is divided by 620?
617
What is the remainder when 2696829 is divided by 32?
29
Calculate the remainder when 82060 is divided by 582.
580
Calculate the remainder when 115034 is divided by 126.
122
What is the remainder when 66328 is divided by 644?
640
What is the remainder when 460366 is divided by 27080?
6
Calculate the remainder when 98274 is divided by 2.
0
What is the remainder when 81491 is divided by 291?
11
What is the remainder when 19714 is divided by 34?
28
Calculate the remainder when 8672 is divided by 217.
209
What is the remainder when 8862 is divided by 8811?
51
Calculate the remainder when 3217327 is divided by 211.
210
Calculate the remainder when 3035 is divided by 603.
20
What is the remainder when 16604 is divided by 173?
169
Calculate the remainder when 48640 is divided by 139.
129
Calculate the remainder when 2525 is divided by 27.
14
Calculate the remainder when 1370 is divided by 228.
2
What is the remainder when 699924 is divided by 2201?
6
What is the remainder when 32954 is divided by 1937?
25
What is the remainder when 39955 is divided by 106?
99
Calculate the remainder when 4220524 is divided by 421.
420
Calculate the remainder when 2005 is divided by 367.
170
What is the remainder when 642 is divided by 31?
22
Calculate the remainder when 114722 is divided by 67.
18
What is the remainder when 18775 is divided by 69?
7
Calculate the remainder when 58719 is divided by 19570.
9
What is the remainder when 57356 is divided by 19023?
287
What is the remainder when 2995 is divided by 37?
35
What is the remainder when 478471 is divided by 19?
13
Calculate the remainder when 189263 is divided by 472.
463
Calculate the remainder when 2799 is divided by 1578.
1221
Calculate the remainder when 3813 is divided by 1269.
6
Calculate the remainder when 147507 is divided by 22.
19
What is the remainder when 42110 is divided by 78?
68
Calculate the remainder when 195 is divided by 24.
3
Calculate the remainder when 247074 is divided by 35.
9
What is the remainder when 4444 is divided by 120?
4
What is the remainder when 6435 is divided by 25?
10
What is the remainder when 17507 is divided by 1590?
17
Calculate the remainder when 9788 is divided by 288.
284
Calculate the remainder when 2490 is divided by 15.
0
Calculate the remainder when 4253 is divided by 4236.
17
Calculate the remainder when 9836668 is divided by 30.
28
Calculate the remainder when 331719 is divided by 31.
19
What is the remainder when 19763 is divided by 6583?
14
What is the remainder when 13376 is divided by 836?
0
Calculate the remainder when 8477 is divided by 8371.
106
What is the remainder when 1006 is divided by 116?
78
What is the remainder when 48620 is divided by 82?
76
Calculate the remainder when 59464 is divided by 2831.
13
What is the remainder when 328197 is divided by 23?
10
Calculate the remainder when 242 is divided by 40.
2
What is the remainder when 19127 is divided by 391?
359
Calculate the remainder when 26969 is divided by 104.
33
Calculate the remainder when 234815 is divided by 64.
63
Calculate the remainder when 50844 is divided by 12702.
36
Calculate the remainder when 182636 is divided by 36525.
11
Calculate the remainder when 118695 is divided by 4945.
15
Calculate the remainder when 1008 is divided by 335.
3
Calculate the remainder when 14357 is divided by 70.
7
What is the remainder when 381035 is divided by 95257?
7
Calculate the remainder when 822204 is divided by 274063.
15
Calculate the remainder when 666 is divided by 11.
6
What is the remainder when 32751 is divided by 93?
15
What is the remainder when 348687 is divided by 15?
12
Calculate the remainder when 15580 is divided by 261.
181
What is the remainder when 2228 is divided by 89?
3
What is the remainder when 10879 is divided by 108?
79
Calculate the remainder when 178 is divided by 70.
38
What is the remainder when 8186 is divided by 147?
101
What is the remainder when 127418 is divided by 23?
21
Calculate the remainder when 1331315 is divided by 18.
17
What is the remainder when 6236 is divided by 4?
0
What is the remainder when 581 is divided by 47?
17
Calculate the remainder when 887 is divided by 118.
61
What is the remainder when 9062 is divided by 96?
38
Calculate the remainder when 26209 is divided by 67.
12
What is the remainder when 28487 is divided by 70?
67
What is the remainder when 57797 is divided by 88?
69
Calculate the remainder when 2173 is divided by 1070.
33
Calculate the remainder when 5132 is divided by 728.
36
What is the remainder when 28499 is divided by 28?
23
What is the remainder when 310 is divided by 72?
22
What is the remainder when 1283 is divided by 250?
33
Calculate the remainder when 1418795 is divided by 400.
395
What is the remainder when 134877 is divided by 21?
15
Calculate the remainder when 14240 is divided by 641.
138
Calculate the remainder when 12125 is divided by 383.
252
What is the remainder when 481918 is divided by 343?
3
What is the remainder when 911215 is divided by 8?
7
What is the remainder when 98837 is divided by 5488?
53
Calculate the remainder when 382870 is divided by 168.
166
Calculate the remainder when 24330 is divided by 4055.
0
Calculate the remainder when 172936 is divided by 22.
16
Calculate the remainder when 16959 is divided by 154.
19
What is the remainder when 15348 is divided by 217?
158
Calculate the remainder when 254760 is divided by 43.
28
Calculate the remainder when 379669 is divided by 8.
5
What is the remainder when 1089 is divided by 32?
1
Calculate the remainder when 88993 is divided by 88979.
14
Calculate the remainder when 1459 is divided by 20.
19
Calculate the remainder when 320624 is divided by 11.
7
What is the remainder when 1789 is divided by 888?
13
What is the remainder when 68600 is divided by 3811?
2
What is the remainder when 360 is divided by 35?
10
Calculate the remainder when 38337 is divided by 661.
660
What is the remainder when 7286 is divided by 333?
293
Calculate the remainder when 464411 is divided by 92.
87
Calculate the remainder when 52252 is divided by 1492.
32
What is the remainder when 11300 is divided by 218?
182
What is the remainder when 5079 is divided by 144?
39
What is the remainder when 1664 is divided by 481?
221
What is the remainder when 47109 is divided by 15622?
243
What is the remainder when 84008 is divided by 13998?
20
What is the remainder when 11368 is divided by 197?
139
What is the remainder when 1032 is divided by 249?
36
What is the remainder when 47459 is divided by 198?
137
Calculate the remainder when 1098 is divided by 1084.
14
What is the remainder when 5025 is divided by 5018?
7
What is the remainder when 1180 is divided by 106?
14
Calculate the remainder when 8271 is divided by 103.
31
Calculate the remainder when 620620 is divided by 682.
0
Calculate the remainder when 15334 is divided by 349.
327
What is the remainder when 122402 is divided by 203?
196
What is the remainder when 234512 is divided by 20?
12
Calculate the remainder when 665 is divided by 105.
35
Calculate the remainder when 7347 is divided by 25.
22
What is the remainder when 66418 is divided by 60?
58
What is the remainder when 21 is divided by 21?
0
What is the remainder when 37290 is divided by 217?
183
What is the remainder when 30475 is divided by 2537?
31
Calculate the remainder when 10688 is divided by 10661.
27
What is the remainder when 5488 is divided by 1369?
12
